 prime?
True
Is 949 prime?
False
Is 35729 a composite number?
False
Is 35491 prime?
True
Is 17691 a prime number?
False
Is 31847 a prime number?
True
Is 6731 a prime number?
False
Is 4241261 composite?
False
Is 872821 prime?
False
Is 81797 composite?
True
Is 2065937 composite?
False
Is 1701967 a prime number?
True
Is 19829 a composite number?
True
Is 174599 composite?
False
Is 1934 prime?
False
Is 147919 a composite number?
False
Is 26905 prime?
False
Is 1797 a prime number?
False
Is 1382027 prime?
False
Is 112687 prime?
True
Is 40787 composite?
False
Is 2939 a composite number?
False
Is 46834 prime?
False
Is 346169 a prime number?
True
Is 188929 composite?
True
Is 319097 composite?
False
Is 70289 a composite number?
False
Is 2581 a prime number?
False
Is 7741 composite?
False
Is 57841 prime?
False
Is 14099 a composite number?
True
Is 81086 a prime number?
False
Is 679 a composite number?
True
Is 4609 prime?
False
Is 549739 prime?
True
Is 109697 a composite number?
True
Is 45337 a composite number?
False
Is 865151 composite?
True
Is 61147 prime?
False
Is 63059 composite?
False
Is 1399 a prime number?
True
Is 19121 composite?
False
Is 679207 a prime number?
True
Is 121469 a composite number?
False
Is 4633 composite?
True
Is 27253 prime?
True
Is 2348673 a composite number?
True
Is 245237 prime?
False
Is 38531 composite?
True
Is 967 prime?
True
Is 14503 composite?
False
Is 2492273 a prime number?
False
Is 25709 prime?
False
Is 3463583 a composite number?
False
Is 75401 a prime number?
True
Is 44949 composite?
True
Is 4703 prime?
True
Is 9677 a prime number?
True
Is 129341 composite?
False
Is 7057 a prime number?
True
Is 541469 composite?
False
Is 36073 a prime number?
True
Is 17231 prime?
True
Is 251653 prime?
True
Is 56299 a prime number?
True
Is 497359 composite?
True
Is 151843 prime?
False
Is 869 a prime number?
False
Is 1087517 a composite number?
False
Is 145 prime?
False
Is 4831 a composite number?
False
Is 3542029 a prime number?
False
Is 16787 prime?
True
Is 703301 composite?
False
Is 29373 a composite number?
True
Is 10555 composite?
True
Is 25735 composite?
True
Is 30829 prime?
True
Is 2219 prime?
False
Is 34043 a composite number?
True
Is 5879 composite?
False
Is 284771 a composite number?
True
Is 17002 prime?
False
Is 2027707 composite?
True
Is 2113691 a composite number?
True
Is 3367435 prime?
False
Is 15391 composite?
False
Is 16201 prime?
False
Is 145231 composite?
True
Is 120763 a prime number?
True
Is 836873 composite?
False
Is 756167 prime?
True
Is 97 a prime number?
True
Is 153379 a prime number?
True
Is 123307 a prime number?
True
Is 2088367 composite?
False
Is 19165 composite?
True
Is 29035 a prime number?
False
Is 89197 prime?
False
Is 44047 prime?
False
Is 6449 a composite number?
False
Is 185727 a prime number?
False
Is 7039 prime?
True
Is 5663 a composite number?
True
Is 29473 prime?
True
Is 48907 composite?
False
Is 670177 a prime number?
True
Is 4547 a prime number?
True
Is 254477 composite?
True
Is 1513 a prime number?
False
Is 1726561 a prime number?
True
Is 6617 a prime number?
False
Is 370193 composite?
False
Is 19661 prime?
True
Is 20581 a prime number?
False
Is 21247 composite?
False
Is 877 prime?
True
Is 144334 a prime number?
False
Is 7563 prime?
False
Is 321101 composite?
True
Is 28781 prime?
False
Is 1468543 a composite number?
False
Is 212651 a composite number?
False
Is 41053 composite?
True
Is 236287 a composite number?
False
Is 252295 a prime number?
False
Is 1761 a composite number?
True
Is 211559 a prime number?
True
Is 129189 a composite number?
True
Is 14281 a prime number?
True
Is 25031 a composite number?
False
Is 2858689 prime?
False
Is 5534 a prime number?
False
Is 191353 a prime number?
True
Is 291 a composite number?
True
Is 18623 a prime number?
False
Is 7 composite?
False
Is 274359 a composite number?
True
Is 34737 a composite number?
True
Is 121213 a composite number?
True
Is 349939 a composite number?
False
Is 74149 prime?
True
Is 16319 a composite number?
False
Is 26093 prime?
False
Is 18397 a composite number?
False
Is 20093 composite?
True
Is 78919 a composite number?
False
Is 1452965 a composite number?
True
Is 388651 a prime number?
True
Is 67927 a prime number?
True
Is 714487 composite?
False
Is 397711 prime?
False
Is 1275215 prime?
False
Is 464819 a composite number?
False
Is 48119 prime?
True
Is 5707 a prime number?
False
Is 348847 composite?
True
Is 57803 composite?
False
Is 1043683 prime?
True
Is 815735 composite?
True
Is 11179 composite?
True
Is 563287 prime?
True
Is 602755 composite?
True
Is 582011 prime?
True
Is 330517 a composite number?
True
Is 41927 a composite number?
False
Is 947959 composite?
False
Is 233531 a prime number?
False
Is 5501 a composite number?
False
Is 29059 a prime number?
True
Is 3779 composite?
False
Is 47623 a prime number?
True
Is 7022 prime?
False
Is 2518 a composite number?
True
Is 5737 prime?
True
Is 493 a prime number?
False
Is 8707 composite?
False
Is 9527 prime?
False
Is 7001 a composite number?
False
Is 445307 prime?
True
Is 65613 a prime number?
False
Is 140873 prime?
False
Is 187403 prime?
False
Is 49103 prime?
True
Is 951 composite?
True
Is 23269 a composite number?
False
Is 2293 a prime number?
True
Is 53398 composite?
True
Is 5219 a composite number?
True
Is 9611 composite?
True
Is 3683 a composite number?
True
Is 25427 a prime number?
False
Is 30917 a composite number?
True
Is 211 a composite number?
False
Is 4705 a composite number?
True
Is 148801 composite?
True
Is 346589 composite?
False
Is 665351 composite?
False
Is 13397 a composite number?
False
Is 4559 a composite number?
True
Is 825883 prime?
True
Is 587 composite?
False
Is 16001 a composite number?
False
Is 2323 prime?
False
Is 106349 a prime number?
True
Is 135357 a prime number?
False
Is 57751 composite?
False
Is 17843 a prime number?
False
Is 161687 composite?
True
Is 108877 composite?
False
Is 396897 composite?
True
Is 121787 composite?
False
Is 65669 a composite number?
True
Is 66431 a prime number?
True
Is 2333 a composite number?
False
Is 46727 a prime number?
True
Is 85265 prime?
False
Is 26669 prime?
True
Is 6629 a composite number?
True
Is 18019 composite?
True
Is 223903 prime?
True
Is 164397 a prime number?
False
Is 555931 a composite number?
False
Is 27947 composite?
False
Is 421891 composite?
False
Is 45437 a prime number?
False
Is 30035 a composite number?
True
Is 392653 composite?
True
Is 68405 composite?
True
Is 839 prime?
True
Is 24253 prime?
False
Is 72209 prime?
False
Is 13121 a composite number?
False
Is 70869 prime?
False
Is 329123 composite?
False
Is 40997 a composite number?
True
Is 9617 prime?
False
Is 280531 a composite number?
True
Is 6595 composite?
True
Is 331373 prime?
False
Is 10993 a composite number?
False
Is 16307 a prime number?
False
Is 31379 a prime number?
True
Is 27134 composite?
True
Is 8839 a composite number?
False
Is 2335057 a composite number?
False
Is 38518 a composite number?
True
Is 6443 prime?
False
Is 50287 a composite number?
False
Is 206501 a prime number?
True
Is 889 composite?
True
Is 25057 prime?
True
Is 245807 a composite number?
True
Is 25001 composite?
True
Is 82867 a composite number?
True
Is 659969 composite?
True
Is 166451 composite?
True
Is 25219 composite?
False
Is 10481 composite?
True
Is 1018 a prime number?
False
Is 89959 a prime number?
True
Is 20477 composite?
False
Is 1039603 composite?
False
Is 112433 a prime number?
False
Is 43391 a composite number?
False
Is 32203 a composite number?
False
Is 36111 composite?
True
Is 162193 a composite number?
True
Is 803 prime?
False
Is 26479 a prime number?
True
Is 505583 a composite number?
True
Is 5627 a composite number?
True
Is 701 a composite number?
False
Is 14597 prime?
False
Is 69827 a prime number?
True
Is 1819693 a composite number?
False
Is 1525151 a composite number?
True
Is 55889 composite?
False
Is 6635 composite?
True
Is 82457 a composite number?
False
Is 390809 prime?
True
Is 50401 composite?
True
Is 996995 composite?
True
Is 6193 a prime number?
False
Is 18673 a prime number?
False
Is 4889 prime?
True
Is 11579 a composite number?
False
Is 17362 a composite number?
True
Is 16087 prime?
True
Is 2395 prime?
False
Is 81287 a composite number?
True
Is 51367 compo